{"id":247,"date":"2020-07-06T17:00:31","date_gmt":"2020-07-06T15:00:31","guid":{"rendered":"https:\/\/www.hausarztpraxis-ihlow-riepe.de\/praxis\/unsere-praxis-copy\/"},"modified":"2026-01-04T18:41:29","modified_gmt":"2026-01-04T17:41:29","slug":"team","status":"publish","type":"page","link":"https:\/\/www.hausarztpraxis-ihlow-riepe.de\/praxis\/team\/","title":{"rendered":"Team"},"content":{"rendered":"<!--themify_builder_content-->\n<div id=\"themify_builder_content-247\" data-postid=\"247\" class=\"themify_builder_content themify_builder_content-247 themify_builder tf_clear\">\n                    <div  data-lazy=\"1\" class=\"module_row themify_builder_row tb_4i6e142 tb_first tf_w\">\n                        <div class=\"row_inner col_align_top tb_col_count_1 tf_box tf_rel\">\n                        <div  data-lazy=\"1\" class=\"module_column tb-column col-full tb_ryl3220 first\">\n                    <!-- module text -->\n<div  class=\"module module-text tb_fasx412   \" data-lazy=\"1\">\n        <div  class=\"tb_text_wrap\">\n        <h4 style=\"text-align: center;\">Unser Team<\/h4>\n<h4><strong>Irina L\u00f6wen<\/strong>, Haus\u00e4rztin, niedergelassen als Fach\u00e4rztin f\u00fcr Allgemeinmedizin in eigener Praxis in Riepe seit 2001, Zusatzbezeichnung: Palliativmedizin, Ern\u00e4hrungsmedizin<\/h4>\n<h4><b>Annette Thomas, <\/b>\u00c4rztin in Weiterbildung im Fachgebiet Allgemeinmedizin. Fach\u00e4rztin f\u00fcr Neurologie, Zusatzbezeichnung: Palliativmedizin. Bis 2025 im Klinikum Emden als Ober\u00e4rztin in der Neurologischer Klinik t\u00e4tig. Seit 01.01.2026 in unserer Praxis als angestellte \u00c4rztin t\u00e4tig.\u00a0<\/h4>\n<h4><strong>Helmut Schaer<\/strong>, Hausarzt, niedergelassen als Facharzt f\u00fcr Allgemeinmedizin in eigener Praxis in Riepe von 1991 bis 2017, seit 2018 angestellter Arzt in der Hausarztpraxis Ihlow-Riepe. Zusatzbezeichnung: Palliativmedizin<\/h4>\n<h4><strong>Frau Birgit Marquardt<\/strong>, Medizinische Fachangestellte, N\u00e4Pa (Nicht-\u00e4rztliche Praxisassistentin), Ausbildung zur MFA und zur N\u00e4Pa in unserer Praxis, seit 1995 als MFA und N\u00e4Pa in unserer Praxis t\u00e4tig<\/h4>\n<h4><strong>Frau Jana Hartmann<\/strong>, Medizinische Fachangestellte, seit 2002 als MFA in unserer Praxis t\u00e4tig<\/h4>\n<h4><strong>Frau Nina Sander<\/strong>, Medizinische Fachangestellte, seit 2005 als MFA in unserer Praxis t\u00e4tig<\/h4>\n<h4><strong>Frau Silke S\u00fcssen<\/strong>, Medizinische Fachangestellte, seit 2010 als MFA in unserer Praxis t\u00e4tig<\/h4>\n<h4><strong>Frau Frauke Schoon<\/strong>, Medizinische Fachangestellte, seit 2015 als MFA in unserer Praxis t\u00e4tig<\/h4>\n<h4><strong>Frau Linda Kruse, <\/strong>Medizinische Fachangestellte, Ausbildung zur MFA in unserer Praxis, seit 2022 erneut als MFA in unserer Praxis t\u00e4tig<\/h4>\n<h4><b>Frau Marina Dirksen<\/b>, Krankenschwester, seit 2022 als\u00a0 MFA in unserer Praxis t\u00e4tig<\/h4>\n<h4><strong>Frau Elvira Schulz<\/strong>, Reinigungskraft , seit 2019 in unserer Praxis t\u00e4tig<\/h4>\n<h4>\u00a0<\/h4>\n<h4>\u00a0<\/h4>    <\/div>\n<\/div>\n<!-- \/module text -->        <\/div>\n                        <\/div>\n        <\/div>\n                        <div  data-lazy=\"1\" class=\"module_row themify_builder_row tb_1wia106 tf_w\">\n                        <div class=\"row_inner col_align_top tb_col_count_1 tf_box tf_rel\">\n                        <div  data-lazy=\"1\" class=\"module_column tb-column col-full tb_zy7j104 first\">\n                            <\/div>\n                        <\/div>\n        <\/div>\n        <\/div>\n<!--\/themify_builder_content-->","protected":false},"excerpt":{"rendered":"<p>Unser Team Irina L\u00f6wen, Haus\u00e4rztin, niedergelassen als Fach\u00e4rztin f\u00fcr Allgemeinmedizin in eigener Praxis in Riepe seit 2001, Zusatzbezeichnung: Palliativmedizin, Ern\u00e4hrungsmedizin Annette Thomas, \u00c4rztin in Weiterbildung im Fachgebiet Allgemeinmedizin. Fach\u00e4rztin f\u00fcr Neurologie, Zusatzbezeichnung: Palliativmedizin. Bis 2025 im Klinikum Emden als Ober\u00e4rztin in der Neurologischer Klinik t\u00e4tig. Seit 01.01.2026 in unserer Praxis als angestellte \u00c4rztin t\u00e4tig.\u00a0 Helmut &hellip; <a href=\"https:\/\/www.hausarztpraxis-ihlow-riepe.de\/praxis\/team\/\" class=\"more-link\"><span class=\"screen-reader-text\">Team<\/span> weiterlesen<\/a><\/p>\n","protected":false},"author":1,"featured_media":0,"parent":0,"menu_order":30,"comment_status":"closed","ping_status":"closed","template":"","meta":{"footnotes":""},"class_list":["post-247","page","type-page","status-publish","hentry"],"builder_content":"<h4 style=\"text-align: center;\">Unser Team<\/h4> <h4><strong>Irina L\u00f6wen<\/strong>, Haus\u00e4rztin, niedergelassen als Fach\u00e4rztin f\u00fcr Allgemeinmedizin in eigener Praxis in Riepe seit 2001, Zusatzbezeichnung: Palliativmedizin, Ern\u00e4hrungsmedizin<\/h4> <h4><b>Annette Thomas, <\/b>\u00c4rztin in Weiterbildung im Fachgebiet Allgemeinmedizin. Fach\u00e4rztin f\u00fcr Neurologie, Zusatzbezeichnung: Palliativmedizin. Bis 2025 im Klinikum Emden als Ober\u00e4rztin in der Neurologischer Klinik t\u00e4tig. Seit 01.01.2026 in unserer Praxis als angestellte \u00c4rztin t\u00e4tig.\u00a0<\/h4> <h4><strong>Helmut Schaer<\/strong>, Hausarzt, niedergelassen als Facharzt f\u00fcr Allgemeinmedizin in eigener Praxis in Riepe von 1991 bis 2017, seit 2018 angestellter Arzt in der Hausarztpraxis Ihlow-Riepe. Zusatzbezeichnung: Palliativmedizin<\/h4> <h4><strong>Frau Birgit Marquardt<\/strong>, Medizinische Fachangestellte, N\u00e4Pa (Nicht-\u00e4rztliche Praxisassistentin), Ausbildung zur MFA und zur N\u00e4Pa in unserer Praxis, seit 1995 als MFA und N\u00e4Pa in unserer Praxis t\u00e4tig<\/h4> <h4><strong>Frau Jana Hartmann<\/strong>, Medizinische Fachangestellte, seit 2002 als MFA in unserer Praxis t\u00e4tig<\/h4> <h4><strong>Frau Nina Sander<\/strong>, Medizinische Fachangestellte, seit 2005 als MFA in unserer Praxis t\u00e4tig<\/h4> <h4><strong>Frau Silke S\u00fcssen<\/strong>, Medizinische Fachangestellte, seit 2010 als MFA in unserer Praxis t\u00e4tig<\/h4> <h4><strong>Frau Frauke Schoon<\/strong>, Medizinische Fachangestellte, seit 2015 als MFA in unserer Praxis t\u00e4tig<\/h4> <h4><strong>Frau Linda Kruse, <\/strong>Medizinische Fachangestellte, Ausbildung zur MFA in unserer Praxis, seit 2022 erneut als MFA in unserer Praxis t\u00e4tig<\/h4> <h4><b>Frau Marina Dirksen<\/b>, Krankenschwester, seit 2022 als\u00a0 MFA in unserer Praxis t\u00e4tig<\/h4> <h4><strong>Frau Elvira Schulz<\/strong>, Reinigungskraft , seit 2019 in unserer Praxis t\u00e4tig<\/h4> <h4>\u00a0<\/h4> <h4>\u00a0<\/h4>","_links":{"self":[{"href":"https:\/\/www.hausarztpraxis-ihlow-riepe.de\/praxis\/wp-json\/wp\/v2\/pages\/247","targetHints":{"allow":["GET"]}}],"collection":[{"href":"https:\/\/www.hausarztpraxis-ihlow-riepe.de\/praxis\/wp-json\/wp\/v2\/pages"}],"about":[{"href":"https:\/\/www.hausarztpraxis-ihlow-riepe.de\/praxis\/wp-json\/wp\/v2\/types\/page"}],"author":[{"embeddable":true,"href":"https:\/\/www.hausarztpraxis-ihlow-riepe.de\/praxis\/wp-json\/wp\/v2\/users\/1"}],"replies":[{"embeddable":true,"href":"https:\/\/www.hausarztpraxis-ihlow-riepe.de\/praxis\/wp-json\/wp\/v2\/comments?post=247"}],"version-history":[{"count":26,"href":"https:\/\/www.hausarztpraxis-ihlow-riepe.de\/praxis\/wp-json\/wp\/v2\/pages\/247\/revisions"}],"predecessor-version":[{"id":14247,"href":"https:\/\/www.hausarztpraxis-ihlow-riepe.de\/praxis\/wp-json\/wp\/v2\/pages\/247\/revisions\/14247"}],"wp:attachment":[{"href":"https:\/\/www.hausarztpraxis-ihlow-riepe.de\/praxis\/wp-json\/wp\/v2\/media?parent=247"}],"curies":[{"name":"wp","href":"https:\/\/api.w.org\/{rel}","templated":true}]}}

<!--themify_builder_content-->
<div id="themify_builder_content-247" data-postid="247" class="themify_builder_content themify_builder_content-247 themify_builder tf_clear">
                    <div  data-lazy="1" class="module_row themify_builder_row tb_4i6e142 tb_first tf_w">
                        <div class="row_inner col_align_top tb_col_count_1 tf_box tf_rel">
                        <div  data-lazy="1" class="module_column tb-column col-full tb_ryl3220 first">
                    <!-- module text -->
<div  class="module module-text tb_fasx412   " data-lazy="1">
        <div  class="tb_text_wrap">
        <h4 style="text-align: center;">Unser Team</h4>
<h4><strong>Irina Löwen</strong>, Hausärztin, niedergelassen als Fachärztin für Allgemeinmedizin in eigener Praxis in Riepe seit 2001, Zusatzbezeichnung: Palliativmedizin, Ernährungsmedizin</h4>
<h4><b>Annette Thomas, </b>Ärztin in Weiterbildung im Fachgebiet Allgemeinmedizin. Fachärztin für Neurologie, Zusatzbezeichnung: Palliativmedizin. Bis 2025 im Klinikum Emden als Oberärztin in der Neurologischer Klinik tätig. Seit 01.01.2026 in unserer Praxis als angestellte Ärztin tätig. </h4>
<h4><strong>Helmut Schaer</strong>, Hausarzt, niedergelassen als Facharzt für Allgemeinmedizin in eigener Praxis in Riepe von 1991 bis 2017, seit 2018 angestellter Arzt in der Hausarztpraxis Ihlow-Riepe. Zusatzbezeichnung: Palliativmedizin</h4>
<h4><strong>Frau Birgit Marquardt</strong>, Medizinische Fachangestellte, NäPa (Nicht-ärztliche Praxisassistentin), Ausbildung zur MFA und zur NäPa in unserer Praxis, seit 1995 als MFA und NäPa in unserer Praxis tätig</h4>
<h4><strong>Frau Jana Hartmann</strong>, Medizinische Fachangestellte, seit 2002 als MFA in unserer Praxis tätig</h4>
<h4><strong>Frau Nina Sander</strong>, Medizinische Fachangestellte, seit 2005 als MFA in unserer Praxis tätig</h4>
<h4><strong>Frau Silke Süssen</strong>, Medizinische Fachangestellte, seit 2010 als MFA in unserer Praxis tätig</h4>
<h4><strong>Frau Frauke Schoon</strong>, Medizinische Fachangestellte, seit 2015 als MFA in unserer Praxis tätig</h4>
<h4><strong>Frau Linda Kruse, </strong>Medizinische Fachangestellte, Ausbildung zur MFA in unserer Praxis, seit 2022 erneut als MFA in unserer Praxis tätig</h4>
<h4><b>Frau Marina Dirksen</b>, Krankenschwester, seit 2022 als  MFA in unserer Praxis tätig</h4>
<h4><strong>Frau Elvira Schulz</strong>, Reinigungskraft , seit 2019 in unserer Praxis tätig</h4>
<h4> </h4>
<h4> </h4>    </div>
</div>
<!-- /module text -->        </div>
                        </div>
        </div>
                        <div  data-lazy="1" class="module_row themify_builder_row tb_1wia106 tf_w">
                        <div class="row_inner col_align_top tb_col_count_1 tf_box tf_rel">
                        <div  data-lazy="1" class="module_column tb-column col-full tb_zy7j104 first">
                            </div>
                        </div>
        </div>
        </div>
<!--/themify_builder_content-->

<p>Unser Team Irina Löwen, Hausärztin, niedergelassen als Fachärztin für Allgemeinmedizin in eigener Praxis in Riepe seit 2001, Zusatzbezeichnung: Palliativmedizin, Ernährungsmedizin Annette Thomas, Ärztin in Weiterbildung im Fachgebiet Allgemeinmedizin. Fachärztin für Neurologie, Zusatzbezeichnung: Palliativmedizin. Bis 2025 im Klinikum Emden als Oberärztin in der Neurologischer Klinik tätig. Seit 01.01.2026 in unserer Praxis als angestellte Ärztin tätig.  Helmut &hellip; <a href="https://www.hausarztpraxis-ihlow-riepe.de/praxis/team/" class="more-link"><span class="screen-reader-text">Team</span> weiterlesen</a></p>

<h4 style="text-align: center;">Unser Team</h4> <h4><strong>Irina Löwen</strong>, Hausärztin, niedergelassen als Fachärztin für Allgemeinmedizin in eigener Praxis in Riepe seit 2001, Zusatzbezeichnung: Palliativmedizin, Ernährungsmedizin</h4> <h4><b>Annette Thomas, </b>Ärztin in Weiterbildung im Fachgebiet Allgemeinmedizin. Fachärztin für Neurologie, Zusatzbezeichnung: Palliativmedizin. Bis 2025 im Klinikum Emden als Oberärztin in der Neurologischer Klinik tätig. Seit 01.01.2026 in unserer Praxis als angestellte Ärztin tätig. </h4> <h4><strong>Helmut Schaer</strong>, Hausarzt, niedergelassen als Facharzt für Allgemeinmedizin in eigener Praxis in Riepe von 1991 bis 2017, seit 2018 angestellter Arzt in der Hausarztpraxis Ihlow-Riepe. Zusatzbezeichnung: Palliativmedizin</h4> <h4><strong>Frau Birgit Marquardt</strong>, Medizinische Fachangestellte, NäPa (Nicht-ärztliche Praxisassistentin), Ausbildung zur MFA und zur NäPa in unserer Praxis, seit 1995 als MFA und NäPa in unserer Praxis tätig</h4> <h4><strong>Frau Jana Hartmann</strong>, Medizinische Fachangestellte, seit 2002 als MFA in unserer Praxis tätig</h4> <h4><strong>Frau Nina Sander</strong>, Medizinische Fachangestellte, seit 2005 als MFA in unserer Praxis tätig</h4> <h4><strong>Frau Silke Süssen</strong>, Medizinische Fachangestellte, seit 2010 als MFA in unserer Praxis tätig</h4> <h4><strong>Frau Frauke Schoon</strong>, Medizinische Fachangestellte, seit 2015 als MFA in unserer Praxis tätig</h4> <h4><strong>Frau Linda Kruse, </strong>Medizinische Fachangestellte, Ausbildung zur MFA in unserer Praxis, seit 2022 erneut als MFA in unserer Praxis tätig</h4> <h4><b>Frau Marina Dirksen</b>, Krankenschwester, seit 2022 als  MFA in unserer Praxis tätig</h4> <h4><strong>Frau Elvira Schulz</strong>, Reinigungskraft , seit 2019 in unserer Praxis tätig</h4> <h4> </h4> <h4> </h4>
